 872. What is the remainder when t is divided by 6?
4
Let k be ((0 - (3 - 3))/1)/(-2). Let t(m) = 16*m + 150. Let l(x) = 3*x + 30. Let q(w) = 11*l(w) - 2*t(w). What is the remainder when 89 is divided by q(k)?
29
Suppose 0 = k + 4*n - 286, 0 = 4*k - 5*k - n + 277. Calculate the remainder when k is divided by 46.
44
Let f = 66 - 23. Let r = 49 - f. What is the remainder when 15 is divided by r?
3
Let f be 65/(-1) + (-4 - -2). Let a = f - -95. Suppose 6*j - 246 = 3*j. What is the remainder when j is divided by a?
26
Suppose 241 = 2*s - 51. What is the remainder when s is divided by 74?
72
Suppose 0 = 6*i - 0*i - 78. Calculate the remainder when 19 is divided by i.
6
Suppose 35 = 2*j - 3*n, n - 47 = -3*j - 0*j. Calculate the remainder when j is divided by 10.
6
Let k = 0 - -3. Suppose 2*q = -d + 19, 34*q - 39*q + 2*d + 43 = 0. What is the remainder when q is divided by k?
0
Let x(h) = -h - 1. Let g be x(-12). Let u = g + 1. What is the remainder when 35 is divided by u?
11
Let v(l) = l**3 + 11*l**2 - l + 44. Calculate the remainder when v(-11) is divided by 31.
24
Suppose -4*v + 137 = s, 0 = -3*v + s - 70 + 178. Calculate the remainder when 75 is divided by v.
5
Suppose 183 + 51 = 6*c. What is the remainder when 303 is divided by c?
30
Suppose 317 = 4*g + 2189. Calculate the remainder when 66 is divided by 3 + 38/(-14) + g/(-28).
15
Let a(s) = 36*s - 100. What is the remainder when a(7) is divided by 12?
8
Let g(t) = 19*t**2 + 79*t + 37. Let n(x) = 3*x**3 - 3*x**2 - 2*x - 3. What is the remainder when n(3) is divided by g(-4)?
20
Suppose -3*k + 4*c + 250 = 0, -350 = -4*k + 2*c - 0*c. Suppose k = 3*y - j, j + 0*j = 5*y - 148. Calculate the remainder when y is divided by 8.
5
Suppose -3*u = -32 - 22. Let z = 484 - 452. What is the remainder when z is divided by u?
14
Suppose 0 = -2*k - k - 2*v + 167, 0 = -5*k + 2*v + 257. What is the remainder when 173 is divided by k?
14
Suppose 2*i + j + j = 26, 0 = -5*i - 3*j + 67. Let h be (62/(-3))/(2/6). Let x = h + 88. What is the remainder when x is divided by i?
12
Let j(l) = -3*l - 12. Let a = 61 + -18. What is the remainder when a is divided by j(-8)?
7
Let d = -632 - -643. What is the remainder when d is divided by 5?
1
Let g(n) = n**3 + 4*n**2 - 18*n + 11. Calculate the remainder when 77 is divided by g(3).
17
Suppose o - 2 - 5 = 0. Suppose z + 48 = o*z. Suppose 0 = -2*v - 1 + 57. What is the remainder when v is divided by z?
4
What is the remainder when -4*(-1)/(1/7) is divided by 14?
0
Let w(v) = -35*v - 1. Let k be 2/(-48)*-4 + (-1189)/6. Let s = k + 222. Calculate the remainder when w(-2) is divided by s.
21
Let f = -7 - -223. Suppose 0 = 25*s - 19*s - f. Calculate the remainder when 178 is divided by s.
34
Suppose -2*p + 6 = 4. Suppose -11 + p = -5*b. Let k(u) = -u**3 - 6*u**2 + 7*u + 2. Calculate the remainder when b is divided by k(-7).
0
Let o(d) = 6*d**3 - 6*d**2 - d - 1. Calculate the remainder when o(3) is divided by 18.
14
Let t(c) be the second derivative of -c**5/10 - c**4/3 - c**3/6 - c**2 - 10*c. What is the remainder when t(-3) is divided by 8?
3
Let c be (-18 - -17)/((-1)/15). Suppose c = 2*g + 5, -o + 33 = -5*g. What is the remainder when o is divided by 15?
13
Let a = 9 + 5. Let b be (6/(-2))/((-6)/a). Calculate the remainder when 3 + (-92)/(3 - b) is divided by 9.
8
Let n(k) = -k**2 - 41*k - 266. Calculate the remainder when 73 is divided by n(-9).
7
Let w(x) = 85*x**2 + x - 3. Let v be w(3). Suppose 3*i - i - b - 318 = 0, -5*i = 5*b - v. Calculate the remainder when i is divided by 23.
19
Let g(c) = -c**3 + 5*c**2 - 4*c + 7. Let o be g(4). Suppose 36 = -o*a + 729. Calculate the remainder when a is divided by 20.
19
Let g = -5 - -21. Let a = 28 - g. Let y = 208 - 173. What is the remainder when y is divided by a?
11
Suppose -3 - 12 = -5*d. Let t(b) = b**d - 2 - b + 3*b - 5*b**2 + 0*b**2 - b**2. Calculate the remainder when 29 is divided by t(6).
9
Suppose 274*i - 40 = 269*i. What is the remainder when 13 is divided by i?
5
What is the remainder when 27 is divided by 4*-1*(5865/(-68))/23?
12
Suppose 0 = 29*l - 25*l - 292. Suppose -5*g - 5*a + 75 = -20, 5*g - 2*a - 95 = 0. Calculate the remainder when l is divided by g.
16
Let o(p) = -54*p**3 - p**2 - 2*p - 1. Let r be o(-1). Suppose -5*f - r = -8*f. Calculate the remainder when 52 is divided by f.
16
Suppose 2*h - 40 = -2*h. Suppose 0 = -3*l + l + h. What is the remainder when l is divided by (-12)/(-18)*(2 + 2/2)?
1
Let p = 7 + -4. Let x(j) = j**2 - 12*j + 19. Let y be x(11). Let m = 11 - y. What is the remainder when p is divided by m?
0
Suppose y = 2, -3*q - 14 - 14 = -5*y. What is the remainder when (23/6)/(2/q)*-2 is divided by 12?
11
Let j(t) = -t**3 + t**2 + 2*t + 2. Let u be j(0). Suppose -5*s - b + 45 = 0, -4*s + b + 55 = -u*b. Calculate the remainder when 57 is divided by s.
7
Let r be (12/9 - 2)*9. What is the remainder when 51 is divided by 0/(r + 2) - -18?
15
Suppose -3*l = -w + 50, -55*w + 92 = -53*w + 2*l. Calculate the remainder when w is divided by 11.
3
Let v = 17 - 17. Suppose v = h - 0*h - 1. Suppose 4*d = -h + 29. What is the remainder when 26 is divided by d?
5
What is the remainder when 256 is divided by 2*(-2 + 3) + 13?
1
Suppose 46 = -35*o + 256. Calculate the remainder when 212 is divided by o.
2
Suppose -2 + 61 = s. Let i = -21 + s. What is the remainder when i is divided by 10?
8
Suppose 3*o = 7*o - 104. Suppose 5*r - o = j, 3*j - 7 = r - 1. Let l(q) = 11*q - 12. Calculate the remainder when l(2) is divided by r.
4
Suppose -4 - 8 = -2*p - 4*x, -p + 3*x + 6 = 0. Suppose p*a + 0*a = 102. Calculate the remainder when 49 is divided by a.
15
Let o = 14 + 3. Suppose s - o = 22. Let d = 578 + -564. Calculate the remainder when s is divided by d.
11
Let w = -47 + 47. Suppose 5*x - 30 = -w*x. Suppose -2*m - 9 = 1, 2*m - 32 = -3*f. What is the remainder when f is divided by x?
2
Let u = -12 - -42. What is the remainder when 56 is divided by u?
26
What is the remainder when (-9405)/(-38) - 15/(-6) is divided by 44?
30
Let a(n) = -n**3 - 11*n**2 - n + 17. Suppose 0 = -5*g + g - 92. Let f = -13 - g. Calculate the remainder when a(-11) is divided by f.
8
Suppose -197*l + 300 = -194*l. Calculate the remainder when 1697 is divided by l.
97
Suppose 3*k = -4*k + 875. Let s = k - 60. What is the remainder when s is divided by 11?
10
Let o(w) = 5*w - 50. Let h be o(8). Let i = h - -13. Suppose -4*j + 40 = -4*n - n, -4*j = -4*n - 44. What is the remainder when j is divided by i?
0
Suppose 5*d + 111 = 5*l - 294, -5*d = 5*l - 355. Suppose 0*p = p - 2, 4*t - 5*p - 42 = 0. Calculate the remainder when l is divided by t.
11
Suppose 2*k + 501 = 4*o - 67, 4*k = 3*o - 431. What is the remainder when o is divided by 48?
45
Let u be (-6)/(-8) - 159/(-12). Suppose u*x - 93 = 11*x. What is the remainder when x is divided by 8?
7
Let l = -65 - -69. Let u = 2 - 1. Calculate the remainder when l is divided by u.
0
Let l(i) = 4*i - 1. Let y = 10 + -9. Let k be l(y). Suppose r - 5*r + 2*v + 82 = 0, 4*r = k*v + 85. What is the remainder when 55 is divided by r?
17
Suppose -5*h + 2*h - y = -191, 4*h - 3*y - 233 = 0. Suppose -5*u = -33 - h. Calculate the remainder when 73 is divided by u.
16
Suppose -s = s - n - 55, -3*n = 4*s - 95. Let c(b) = 4*b**2 + 13*b - 28. Calculate the remainder when s is divided by c(2).
12
Let f = -5 - -4. Let w(t) = -t + 17. What is the remainder when 3/(-6)*(-27 + f) is divided by w(9)?
6
Let k = 10 - -71. Calculate the remainder when k is divided by (-1156)/(-85) + (-10)/(-25).
11
Let l be ((-12)/(-8))/(2/120). Let h be (-4)/(-18) + (-830)/l. Let k(g) = g**3 + 9*g**2 - 4*g - 9. Calculate the remainder when 51 is divided by k(h).
24
Let y(p) = p**3 - p**2 + 19. Suppose -202*b = -205*b + 225. Calculate the remainder when b is divided by y(0).
18
Suppose 0 = w, -y = -3*y - w - 18. Let k(x) = -5*x + 4. What is the remainder when k(y) is divided by 26?
23
Suppose 0 = w + 2*v - 64, 3*w - v - 321 = -101. Let s = 105 - w. Calculate the remainder when s is divided by 17.
16
Suppose -z + 17 = -0*z. Calculate the remainder when -55*(-10)/50*(7 + -3) is divided by z.
10
Let b(d) = 3*d**2 - d - 12. Calculate the remainder when b(-5) is divided by 18.
14
Let c be (1 - 1 - -3)/3. Let t be -8*((-2)/(-4) - c). Suppose 2*y + 3*g